o base 7
-6
What is -2 (base 9) in base 10?
-2
What is 17 (base 16) in base 10?
23
What is 53 (base 7) in base 3?
1102
Convert 2 (base 4) to base 12.
2
Convert -15 (base 9) to base 5.
-24
Convert -1 (base 3) to base 13.
-1
What is -1010000 (base 2) in base 12?
-68
Convert 1 (base 3) to base 7.
1
What is 10010 (base 3) in base 6?
220
Convert 303 (base 5) to base 8.
116
Convert -1a (base 14) to base 4.
-120
Convert 0 (base 12) to base 14.
0
What is 4 (base 9) in base 13?
4
-17 (base 9) to base 5
-31
10101 (base 2) to base 6
33
2 (base 15) to base 5
2
-129 (base 10) to base 15
-89
-5 (base 10) to base 16
-5
Convert -50 (base 7) to base 8.
-43
Convert -2 (base 16) to base 3.
-2
What is 2101 (base 3) in base 15?
44
What is -100010 (base 2) in base 12?
-2a
1031 (base 4) to base 2
1001101
-5 (base 16) to base 5
-10
-212 (base 4) to base 7
-53
-68 (base 11) to base 14
-54
Convert -102 (base 3) to base 7.
-14
What is -155 (base 9) in base 8?
-203
Convert -19 (base 12) to base 3.
-210
Convert -21 (base 13) to base 12.
-23
Convert -4 (base 10) to base 5.
-4
What is -120 (base 3) in base 5?
-30
What is -96 (base 10) in base 11?
-88
What is 426 (base 8) in base 14?
15c
What is -370 (base 8) in base 9?
-305
110 (base 2) to base 3
20
1 (base 5) to base 9
1
What is 203 (base 5) in base 9?
58
-1000 (base 2) to base 8
-10
What is 133 (base 6) in base 15?
3c
42 (base 8) to base 4
202
What is -15 (base 15) in base 11?
-19
What is -1010 (base 2) in base 7?
-13
Convert 4 (base 9) to base 2.
100
Convert -2 (base 5) to base 10.
-2
-82 (base 10) to base 9
-101
Convert 100 (base 2) to base 3.
11
What is 34 (base 10) in base 13?
28
Convert -287 (base 10) to base 15.
-142
-3 (base 12) to base 11
-3
-110 (base 3) to base 6
-20
Convert -27 (base 13) to base 11.
-30
-34 (base 16) to base 9
-57
What is f (base 16) in base 13?
12
-123 (base 9) to base 12
-86
What is -b (base 12) in base 7?
-14
What is -1 (base 8) in base 15?
-1
Convert 8 (base 9) to base 6.
12
a (base 15) to base 4
22
402 (base 5) to base 12
86
What is 16 (base 10) in base 12?
14
1 (base 16) to base 13
1
11 (base 2) to base 3
10
10110 (base 2) to base 16
16
What is 3 (base 15) in base 7?
3
What is 19 (base 11) in base 10?
20
Convert 41 (base 8) to base 10.
33
Convert 1 (base 3) to base 6.
1
What is 102 (base 3) in base 16?
b
8 (base 15) to base 2
1000
Convert -14 (base 11) to base 9.
-16
3 (base 8) to base 2
11
158 (base 10) to base 13
c2
Convert 12 (base 5) to base 6.
11
What is -10210 (base 3) in base 13?
-7b
Convert 0 (base 15) to base 4.
0
-17 (base 10) to base 9
-18
What is -14 (base 11) in base 7?
-21
Convert -12 (base 12) to base 14.
-10
What is -1a (base 11) in base 3?
-210
Convert -2 (base 12) to base 15.
-2
Convert 0 (base 13) to base 14.
0
-2 (base 6) to base 7
-2
-7 (base 9) to base 8
-7
Convert -49 (base 13) to base 2.
-111101
Convert 4 (base 11) to base 14.
4
Convert 10 (base 11) to base 7.
14
Convert -12 (base 4) to base 12.
-6
What is -a (base 16) in base 15?
-a
-6 (base 15) to base 12
-6
-4 (base 10) to base 12
-4
What is 11 (base 3) in base 14?
4
11 (base 8) to base 16
9
3 (base 9) to base 15
3
What is 234 (base 11) in base 4?
10113
13 (base 6) to base 8
11
-13 (base 7) to base 3
-101
Convert -37 (base 12) to base 6.
-111
Convert -4 (base 6) to base 10.
-4
Convert 96 (base 10) to base 2.
1100000
What is 41 (base 9) in base 4?
211
Convert -35 (base 15) to base 11.
-46
-21 (base 14) to base 15
-1e
What is 5 (base 15) in base 9?
5
25 (base 13) to base 8
37
-2 (base 6) to base 13
-2
-12 (base 12) to base 16
-e
-10 (base 6) to base 14
-6
What is -232 (base 13) in base 11?
-315
Convert -20 (base 7) to base 11.
-13
Convert -13 (base 8) to base 13.
-b
What is 1414 (base 5) in base 7?
453
Convert 3 (base 15) to base 2.
11
Convert b4 (base 15) to base 2.
10101001
Convert 20 (base 4) to base 3.
22
11 (base 2) to base 3
10
What is 10 (base 2) in base 8?
2
What is 2 (base 4) in base 10?
2
3111 (base 4) to base 2
11010101
Convert -55 (base 9) to base 7.
-101
What is 13 (base 5) in base 2?
1000
What is 18 (base 11) in base 14?
15
What is -1 (base 3) in base 15?
-1
What is -12 (base 8) in base 9?
-11
-13 (base 13) to base 9
-17
What is 23 (base 5) in base 13?
10
What is -17 (base 13) in base 2?
-10100
Convert 10 (base 10) to base 12.
a
Convert 11 (base 7) to base 15.
8
-22 (base 16) to base 2
-100010
Convert 34 (base 7) to base 12.
21
Convert -1 (base 6) to base 16.
-1
Convert -224 (base 8) to base 11.
-125
Convert -25 (base 6) to base 12.
-15
Convert 92 (base 14) to base 2.
10000000
Convert 0 (base 15) to base 7.
0
What is 2 (base 8) in base 2?
10
Convert 2 (base 11) to base 8.
2
Convert 1010 (base 2) to base 13.
a
What is -6 (base 11) in base 4?
-12
c5 (base 16) to base 11
16a
What is 14 (base 16) in base 12?
18
-22 (base 4) to base 7
-13
Convert 0 (base 4) to base 15.
0
What is -1c (base 13) in base 16?
-19
Convert -4 (base 11) to base 14.
-4
What is 2 (base 15) in base 5?
2
Convert 0 (base 7) to base 10.
0
-1114 (base 5) to base 12
-113
Convert -4 (base 5) to base 12.
-4
What is 2 (base 13) in base 8?
2
Convert -5 (base 7) to base 13.
-5
What is 10 (base 3) in base 2?
11
Convert 3 (base 4) to base 11.
3
-9 (base 14) to base 6
-13
Convert -11 (base 2) to base 5.
-3
What is 4 (base 7) in base 9?
4
Convert -21 (base 8) to base 9.
-18
Convert -23 (base 10) to base 6.
-35
Convert 44 (base 10) to base 16.
2c
-3 (base 9) to base 8
-3
What is 1 (base 14) in base 16?
1
-4 (base 16) to base 12
-4
Convert -62 (base 12) to base 9.
-82
What is -1132 (base 4) in base 5?
-334
What is -14b (base 12) in base 10?
-203
What is -44 (base 6) in base 3?
-1001
What is 31 (base 7) in base 9?
24
-13 (base 16) to base 7
-25
-16 (base 9) to base 2
-1111
What is 3 (base 16) in base 3?
10
-3 (base 15) to base 2
-11
-59 (base 14) to base 9
-87
What is -10 (base 3) in base 9?
-3
18 (base 13) to base 14
17
What is -3 (base 7) in base 15?
-3
-b4 (base 16) to base 10
-180
Convert -4 (base 9) to base 6.
-4
Convert 4b (base 16) to base 3.
2210
What is -4 (base 10) in base 5?
-4
Convert 53 (base 8) to base 5.
133
What is 345 (base 6) in base 12?
b5
23 (base 6) to base 16
f
1 (base 12) to base 5
1
Convert -22 (base 8) to base 9.
-20
100 (base 2) to base 3
11
Convert 2 (base 7) to base 8.
2
Convert 43 (base 8) to base 10.
35
What is -2 (base 6) in base 9?
-2
-112 (base 9) to base 2
-1011100
What is -202 (base 3) in base 8?
-24
What is 44 (base 16) in base 9?
75
What is a (base 16) in base 6?
14
Convert 3 (base 7) to base 15.
3
What is -1 (base 13) in base 14?
-1
-10111 (base 2) to base 13
-1a
-6 (base 10) to base 15
-6
13 (base 12) to base 10
15
Convert -1 (base 5) to base 6.
-1
Convert -1 (base 14) to base 7.
-1
-324 (base 7) to base 13
-c9
Convert 0 (base 13) to base 8.
0
What is -37 (base 10) in base 9?
-41
Convert -55 (base 7) to base 13.
-31
-65 (base 7) to base 5
-142
Convert -1 (base 14) to base 12.
-1
-37 (base 12) to base 6
-111
-4 (base 5) to base 10
-4
-38 (base 12) to base 14
-32
What is 3 (base 13) in base 6?
3
Convert -223 (base 6) to base 16.
-57
What is -120 (base 6) in base 13?
-39
What is -1 (base 9) in base 16?
-1
-5 (base 16) to base 7
-5
What is -11011101 (base 2) in base 4?
-3131
What is 5 (base 10) in base 6?
5
Convert 25 (base 6) to base 12.
15
-3 (base 7) to base 5
-3
-3 (base 4) to base 13
-3
-5 (base 9) to base 2
-101
What is 1 (base 11) in base 2?
1
Convert 128 (base 10) to base 2.
10000000
a (base 13) to base 2
1010
110001 (base 2) to base 12
41
0 (base 6) to base 3
0
Convert -2 (base 12) to base 15.
-2
Convert -8 (base 10) to base 13.
-8
-1 (base 13) to base 11
-1
31 (base 6) to base 10
19
Convert -13 (base 15) to base 11.
-17
What is -1a (base 13) in base 8?
-27
-1 (base 11) to base 7
-1
What is 12 (base 14) in base 8?
20
a (base 14) to base 16
a
What is 246 (base 7) in base 12?
b0
What is 20 (base 3) in base 2?
110
202 (base 3) to base 8
24
What is 0 (base 3) in base 16?
0
Convert -2042 (base 5) to base 12.
-1a8
-76 (base 13) to base 11
-89
Convert 0 (base 15) to base 16.
0
Convert -123 (base 7) to base 16.
-42
Convert 2a (base 15) to base 10.
40
Convert 6 (base 13) to base 14.
6
What is 21 (base 4) in base 10?
9
What is -3 (base 11) in base 3?
-10
What is 75 (base 13) in base 5?
341
Convert -203 (base 8)